[INFO] cloning repository https://github.com/Natim/yew-gallery
[INFO] running `Command { std: "git" "-c" "credential.helper=" "-c" "credential.helper=/workspace/cargo-home/bin/git-credential-null" "clone" "--bare" "https://github.com/Natim/yew-gallery" "/workspace/cache/git-repos/https%3A%2F%2Fgithub.com%2FNatim%2Fyew-gallery", kill_on_drop: false }`
[INFO] [stderr] Cloning into bare repository '/workspace/cache/git-repos/https%3A%2F%2Fgithub.com%2FNatim%2Fyew-gallery'...
[INFO] running `Command { std: "git" "rev-parse" "HEAD", kill_on_drop: false }`
[INFO] [stdout] ab2f61793447297b1a5b88e5bd5c1185667b5713
[INFO] checking Natim/yew-gallery against master#af3c6e733a40e671550e0f0f5aeecaa13772ba56 for pr-74989
[INFO] running `Command { std: "git" "clone" "/workspace/cache/git-repos/https%3A%2F%2Fgithub.com%2FNatim%2Fyew-gallery" "/workspace/builds/worker-2/source", kill_on_drop: false }`
[INFO] [stderr] Cloning into '/workspace/builds/worker-2/source'...
[INFO] [stderr] done.
[INFO] validating manifest of git repo https://github.com/Natim/yew-gallery on toolchain af3c6e733a40e671550e0f0f5aeecaa13772ba56
[INFO] running `Command { std: "/workspace/cargo-home/bin/cargo" "+af3c6e733a40e671550e0f0f5aeecaa13772ba56" "read-manifest" "--manifest-path" "Cargo.toml", kill_on_drop: false }`
[INFO] started tweaking git repo https://github.com/Natim/yew-gallery
[INFO] removed path dependency yew from git repo https://github.com/Natim/yew-gallery
[INFO] finished tweaking git repo https://github.com/Natim/yew-gallery
[INFO] tweaked toml for git repo https://github.com/Natim/yew-gallery written to /workspace/builds/worker-2/source/Cargo.toml
[INFO] crate git repo https://github.com/Natim/yew-gallery already has a lockfile, it will not be regenerated
[INFO] running `Command { std: "/workspace/cargo-home/bin/cargo" "+af3c6e733a40e671550e0f0f5aeecaa13772ba56" "fetch" "--locked" "--manifest-path" "Cargo.toml", kill_on_drop: false }`
[INFO] [stderr] warning: dependency (yew) specified without providing a local path, Git repository, or version to use. This will be considered an error in future versions
[INFO] [stderr]     Updating crates.io index
[INFO] [stderr] error: the lock file /workspace/builds/worker-2/source/Cargo.lock needs to be updated but --locked was passed to prevent this
[INFO] [stderr] If you want to try to generate the lock file without accessing the network, use the --offline flag.
[INFO] the lockfile is outdated, regenerating it
[INFO] running `Command { std: "/workspace/cargo-home/bin/cargo" "+af3c6e733a40e671550e0f0f5aeecaa13772ba56" "generate-lockfile" "--manifest-path" "Cargo.toml" "-Zno-index-update", kill_on_drop: false }`
[INFO] running `Command { std: "/workspace/cargo-home/bin/cargo" "+af3c6e733a40e671550e0f0f5aeecaa13772ba56" "fetch" "--locked" "--manifest-path" "Cargo.toml", kill_on_drop: false }`
[INFO] [stderr] warning: dependency (yew) specified without providing a local path, Git repository, or version to use. This will be considered an error in future versions
[INFO] running `Command { std: "docker" "create" "-v" "/var/lib/crater-agent-workspace/builds/worker-2/target:/opt/rustwide/target:rw,Z" "-v" "/var/lib/crater-agent-workspace/builds/worker-2/source:/opt/rustwide/workdir:ro,Z" "-v" "/var/lib/crater-agent-workspace/cargo-home:/opt/rustwide/cargo-home:ro,Z" "-v" "/var/lib/crater-agent-workspace/rustup-home:/opt/rustwide/rustup-home:ro,Z" "-e" "SOURCE_DIR=/opt/rustwide/workdir" "-e" "CARGO_TARGET_DIR=/opt/rustwide/target" "-e" "CARGO_HOME=/opt/rustwide/cargo-home" "-e" "RUSTUP_HOME=/opt/rustwide/rustup-home" "-w" "/opt/rustwide/workdir" "-m" "1610612736" "--user" "0:0" "--network" "none" "rustops/crates-build-env@sha256:d92eaeed33fa75130ca1ee6c8a01d1ffb62bac859dfdfb3450e3e5d1c0146529" "/opt/rustwide/cargo-home/bin/cargo" "+af3c6e733a40e671550e0f0f5aeecaa13772ba56" "metadata" "--no-deps" "--format-version=1", kill_on_drop: false }`
[INFO] [stdout] d5695ac2358fe756a7f53e7d0aa673123a6dfe9c1d71fbe5cb271f04f9bea20e
[INFO] [stderr] WARNING: Your kernel does not support swap limit capabilities or the cgroup is not mounted. Memory limited without swap.
[INFO] running `Command { std: "docker" "start" "-a" "d5695ac2358fe756a7f53e7d0aa673123a6dfe9c1d71fbe5cb271f04f9bea20e", kill_on_drop: false }`
[INFO] running `Command { std: "docker" "inspect" "d5695ac2358fe756a7f53e7d0aa673123a6dfe9c1d71fbe5cb271f04f9bea20e", kill_on_drop: false }`
[INFO] running `Command { std: "docker" "rm" "-f" "d5695ac2358fe756a7f53e7d0aa673123a6dfe9c1d71fbe5cb271f04f9bea20e", kill_on_drop: false }`
[INFO] [stdout] d5695ac2358fe756a7f53e7d0aa673123a6dfe9c1d71fbe5cb271f04f9bea20e
[INFO] running `Command { std: "docker" "create" "-v" "/var/lib/crater-agent-workspace/builds/worker-2/target:/opt/rustwide/target:rw,Z" "-v" "/var/lib/crater-agent-workspace/builds/worker-2/source:/opt/rustwide/workdir:ro,Z" "-v" "/var/lib/crater-agent-workspace/cargo-home:/opt/rustwide/cargo-home:ro,Z" "-v" "/var/lib/crater-agent-workspace/rustup-home:/opt/rustwide/rustup-home:ro,Z" "-e" "SOURCE_DIR=/opt/rustwide/workdir" "-e" "CARGO_TARGET_DIR=/opt/rustwide/target" "-e" "CARGO_INCREMENTAL=0" "-e" "RUST_BACKTRACE=full" "-e" "RUSTFLAGS=--cap-lints=forbid" "-e" "CARGO_HOME=/opt/rustwide/cargo-home" "-e" "RUSTUP_HOME=/opt/rustwide/rustup-home" "-w" "/opt/rustwide/workdir" "-m" "1610612736" "--user" "0:0" "--network" "none" "rustops/crates-build-env@sha256:d92eaeed33fa75130ca1ee6c8a01d1ffb62bac859dfdfb3450e3e5d1c0146529" "/opt/rustwide/cargo-home/bin/cargo" "+af3c6e733a40e671550e0f0f5aeecaa13772ba56" "check" "--frozen" "--all" "--all-targets" "--message-format=json", kill_on_drop: false }`
[INFO] [stdout] 9b39d85d54a3e8b1a805008741ad05169a59e3833bce1f61befcf76c4c8566bd
[INFO] [stderr] WARNING: Your kernel does not support swap limit capabilities or the cgroup is not mounted. Memory limited without swap.
[INFO] running `Command { std: "docker" "start" "-a" "9b39d85d54a3e8b1a805008741ad05169a59e3833bce1f61befcf76c4c8566bd", kill_on_drop: false }`
[INFO] [stderr] warning: dependency (yew) specified without providing a local path, Git repository, or version to use. This will be considered an error in future versions
[INFO] [stderr]    Compiling proc-macro2 v1.0.21
[INFO] [stderr]    Compiling unicode-xid v0.2.1
[INFO] [stderr]    Compiling syn v1.0.40
[INFO] [stderr]    Compiling log v0.4.11
[INFO] [stderr]    Compiling wasm-bindgen-shared v0.2.68
[INFO] [stderr]    Compiling lazy_static v1.4.0
[INFO] [stderr]     Checking cfg-if v0.1.10
[INFO] [stderr]    Compiling bumpalo v3.4.0
[INFO] [stderr]    Compiling wasm-bindgen v0.2.68
[INFO] [stderr]    Compiling serde_derive v1.0.116
[INFO] [stderr]    Compiling pin-project-internal v0.4.23
[INFO] [stderr]    Compiling memchr v2.3.3
[INFO] [stderr]    Compiling proc-macro-nested v0.1.6
[INFO] [stderr]    Compiling serde v1.0.116
[INFO] [stderr]     Checking futures-sink v0.3.5
[INFO] [stderr]     Checking once_cell v1.4.1
[INFO] [stderr]     Checking futures-core v0.3.5
[INFO] [stderr]    Compiling ryu v1.0.5
[INFO] [stderr]    Compiling libc v0.2.77
[INFO] [stderr]     Checking pin-utils v0.1.0
[INFO] [stderr]    Compiling byteorder v1.3.4
[INFO] [stderr]     Checking futures-io v0.3.5
[INFO] [stderr]    Compiling failure_derive v0.1.8
[INFO] [stderr]     Checking itoa v0.4.6
[INFO] [stderr]    Compiling serde_json v1.0.57
[INFO] [stderr]    Compiling anyhow v1.0.32
[INFO] [stderr]     Checking fnv v1.0.7
[INFO] [stderr]     Checking bytes v0.5.6
[INFO] [stderr]    Compiling yew v0.17.3
[INFO] [stderr]     Checking hashbrown v0.9.0
[INFO] [stderr]    Compiling boolinator v2.4.0
[INFO] [stderr]     Checking anymap v0.12.1
[INFO] [stderr]     Checking cfg-match v0.2.1
[INFO] [stderr]    Compiling miniz_oxide v0.4.2
[INFO] [stderr]    Compiling indexmap v1.6.0
[INFO] [stderr]     Checking futures-task v0.3.5
[INFO] [stderr]     Checking futures-channel v0.3.5
[INFO] [stderr]     Checking addr2line v0.13.0
[INFO] [stderr]     Checking http v0.2.1
[INFO] [stderr]    Compiling quote v1.0.7
[INFO] [stderr]     Checking backtrace v0.3.50
[INFO] [stderr]    Compiling wasm-bindgen-backend v0.2.68
[INFO] [stderr]    Compiling synstructure v0.12.4
[INFO] [stderr]    Compiling wasm-bindgen-macro-support v0.2.68
[INFO] [stderr]    Compiling futures-macro v0.3.5
[INFO] [stderr]    Compiling thiserror-impl v1.0.20
[INFO] [stderr]    Compiling yew-macro v0.17.0
[INFO] [stderr]    Compiling wasm-bindgen-macro v0.2.68
[INFO] [stderr]     Checking failure v0.1.8
[INFO] [stderr]     Checking pin-project v0.4.23
[INFO] [stderr]     Checking thiserror v1.0.20
[INFO] [stderr]     Checking futures-util v0.3.5
[INFO] [stderr]     Checking js-sys v0.3.45
[INFO] [stderr]     Checking console_error_panic_hook v0.1.6
[INFO] [stderr]     Checking web-sys v0.3.45
[INFO] [stderr]     Checking wasm-bindgen-futures v0.4.18
[INFO] [stderr]     Checking futures-executor v0.3.5
[INFO] [stderr]     Checking futures v0.3.5
[INFO] [stderr]     Checking toml v0.5.6
[INFO] [stderr]     Checking bincode v1.3.1
[INFO] [stderr]     Checking gloo-events v0.1.1
[INFO] [stderr]     Checking gloo-timers v0.2.1
[INFO] [stderr]     Checking gloo-console-timer v0.1.0
[INFO] [stderr]     Checking gloo-file v0.1.0
[INFO] [stderr]     Checking gloo v0.2.1
[INFO] [stderr]     Checking dashboard v0.1.0 (/opt/rustwide/workdir)
[INFO] [stdout] error[E0407]: method `view` is not a member of trait `Renderable`
[INFO] [stdout]    --> src/lib.rs:113:5
[INFO] [stdout]     |
[INFO] [stdout] 113 | /     fn view(&self) -> Html<CTX, Self> {
[INFO] [stdout] 114 | |         html! {
[INFO] [stdout] 115 | |             <div>
[INFO] [stdout] 116 | |                 <nav class="menu",>
[INFO] [stdout] ...   |
[INFO] [stdout] 121 | |         }
[INFO] [stdout] 122 | |     }
[INFO] [stdout]     | |_____^ not a member of trait `Renderable`
[INFO] [stdout] 
[INFO] [stdout] 
[INFO] [stdout] error[E0412]: cannot find type `Env` in this scope
[INFO] [stdout]   --> src/lib.rs:50:44
[INFO] [stdout]    |
[INFO] [stdout] 50 |     fn create(_: Self::Properties, _: &mut Env<CTX, Self>) -> Self {
[INFO] [stdout]    |                                            ^^^ not found in this scope
[INFO] [stdout] 
[INFO] [stdout] 
[INFO] [stdout] error[E0412]: cannot find type `Env` in this scope
[INFO] [stdout]   --> src/lib.rs:58:56
[INFO] [stdout]    |
[INFO] [stdout] 58 |     fn update(&mut self, msg: Self::Message, env: &mut Env<CTX, Self>) -> ShouldRender {
[INFO] [stdout]    |                                                        ^^^ not found in this scope
[INFO] [stdout] 
[INFO] [stdout] 
[INFO] [stdout] warning: unused `#[macro_use]` import
[INFO] [stdout]  --> src/lib.rs:4:1
[INFO] [stdout]   |
[INFO] [stdout] 4 | #[macro_use]
[INFO] [stdout]   | ^^^^^^^^^^^^
[INFO] [stdout]   |
[INFO] [stdout]   = note: `#[warn(unused_imports)]` on by default
[INFO] [stdout] 
[INFO] [stdout] 
[INFO] [stdout] error[E0107]: wrong number of type arguments: expected 0, found 1
[INFO] [stdout]   --> src/lib.rs:43:21
[INFO] [stdout]    |
[INFO] [stdout] 43 | impl<CTX> Component<CTX> for Model
[INFO] [stdout]    |                     ^^^ unexpected type argument
[INFO] [stdout] 
[INFO] [stdout] 
[INFO] [stdout] error[E0107]: wrong number of type arguments: expected 0, found 2
[INFO] [stdout]    --> src/lib.rs:109:22
[INFO] [stdout]     |
[INFO] [stdout] 109 | impl<CTX> Renderable<CTX, Model> for Model
[INFO] [stdout]     |                      ^^^  ^^^^^ unexpected type argument
[INFO] [stdout]     |                      |
[INFO] [stdout]     |                      unexpected type argument
[INFO] [stdout] 
[INFO] [stdout] 
[INFO] [stdout] error[E0107]: wrong number of type arguments: expected 0, found 2
[INFO] [stdout]    --> src/lib.rs:113:28
[INFO] [stdout]     |
[INFO] [stdout] 113 |     fn view(&self) -> Html<CTX, Self> {
[INFO] [stdout]     |                            ^^^  ^^^^ unexpected type argument
[INFO] [stdout]     |                            |
[INFO] [stdout]     |                            unexpected type argument
[INFO] [stdout] 
[INFO] [stdout] 
[INFO] [stdout] error[E0107]: wrong number of type arguments: expected 0, found 2
[INFO] [stdout]    --> src/lib.rs:127:38
[INFO] [stdout]     |
[INFO] [stdout] 127 |     fn view_data<CTX>(&self) -> Html<CTX, Model>
[INFO] [stdout]     |                                      ^^^  ^^^^^ unexpected type argument
[INFO] [stdout]     |                                      |
[INFO] [stdout]     |                                      unexpected type argument
[INFO] [stdout] 
[INFO] [stdout] 
[INFO] [stdout] error: aborting due to 7 previous errors; 1 warning emitted
[INFO] [stdout] 
[INFO] [stdout] 
[INFO] [stdout] Some errors have detailed explanations: E0107, E0407, E0412.
[INFO] [stdout] 
[INFO] [stdout] For more information about an error, try `rustc --explain E0107`.
[INFO] [stdout] 
[INFO] [stderr] error: could not compile `dashboard`.
[INFO] [stderr] 
[INFO] [stderr] To learn more, run the command again with --verbose.
[INFO] [stderr] warning: build failed, waiting for other jobs to finish...
[INFO] [stdout] error[E0407]: method `view` is not a member of trait `Renderable`
[INFO] [stdout]    --> src/lib.rs:113:5
[INFO] [stdout]     |
[INFO] [stdout] 113 | /     fn view(&self) -> Html<CTX, Self> {
[INFO] [stdout] 114 | |         html! {
[INFO] [stdout] 115 | |             <div>
[INFO] [stdout] 116 | |                 <nav class="menu",>
[INFO] [stdout] ...   |
[INFO] [stdout] 121 | |         }
[INFO] [stdout] 122 | |     }
[INFO] [stdout]     | |_____^ not a member of trait `Renderable`
[INFO] [stdout] 
[INFO] [stdout] 
[INFO] [stdout] error[E0412]: cannot find type `Env` in this scope
[INFO] [stdout]   --> src/lib.rs:50:44
[INFO] [stdout]    |
[INFO] [stdout] 50 |     fn create(_: Self::Properties, _: &mut Env<CTX, Self>) -> Self {
[INFO] [stdout]    |                                            ^^^ not found in this scope
[INFO] [stdout] 
[INFO] [stdout] 
[INFO] [stdout] error[E0412]: cannot find type `Env` in this scope
[INFO] [stdout]   --> src/lib.rs:58:56
[INFO] [stdout]    |
[INFO] [stdout] 58 |     fn update(&mut self, msg: Self::Message, env: &mut Env<CTX, Self>) -> ShouldRender {
[INFO] [stdout]    |                                                        ^^^ not found in this scope
[INFO] [stdout] 
[INFO] [stdout] 
[INFO] [stdout] warning: unused `#[macro_use]` import
[INFO] [stdout]  --> src/lib.rs:4:1
[INFO] [stdout]   |
[INFO] [stdout] 4 | #[macro_use]
[INFO] [stdout]   | ^^^^^^^^^^^^
[INFO] [stdout]   |
[INFO] [stdout]   = note: `#[warn(unused_imports)]` on by default
[INFO] [stdout] 
[INFO] [stdout] 
[INFO] [stdout] error[E0107]: wrong number of type arguments: expected 0, found 1
[INFO] [stdout]   --> src/lib.rs:43:21
[INFO] [stdout]    |
[INFO] [stdout] 43 | impl<CTX> Component<CTX> for Model
[INFO] [stdout]    |                     ^^^ unexpected type argument
[INFO] [stdout] 
[INFO] [stdout] 
[INFO] [stdout] error[E0107]: wrong number of type arguments: expected 0, found 2
[INFO] [stdout]    --> src/lib.rs:109:22
[INFO] [stdout]     |
[INFO] [stdout] 109 | impl<CTX> Renderable<CTX, Model> for Model
[INFO] [stdout]     |                      ^^^  ^^^^^ unexpected type argument
[INFO] [stdout]     |                      |
[INFO] [stdout]     |                      unexpected type argument
[INFO] [stdout] 
[INFO] [stdout] 
[INFO] [stdout] error[E0107]: wrong number of type arguments: expected 0, found 2
[INFO] [stdout]    --> src/lib.rs:113:28
[INFO] [stdout]     |
[INFO] [stdout] 113 |     fn view(&self) -> Html<CTX, Self> {
[INFO] [stdout]     |                            ^^^  ^^^^ unexpected type argument
[INFO] [stdout]     |                            |
[INFO] [stdout]     |                            unexpected type argument
[INFO] [stdout] 
[INFO] [stdout] 
[INFO] [stdout] error[E0107]: wrong number of type arguments: expected 0, found 2
[INFO] [stdout]    --> src/lib.rs:127:38
[INFO] [stdout]     |
[INFO] [stdout] 127 |     fn view_data<CTX>(&self) -> Html<CTX, Model>
[INFO] [stdout]     |                                      ^^^  ^^^^^ unexpected type argument
[INFO] [stdout]     |                                      |
[INFO] [stdout]     |                                      unexpected type argument
[INFO] [stdout] 
[INFO] [stdout] 
[INFO] [stdout] error: aborting due to 7 previous errors; 1 warning emitted
[INFO] [stdout] 
[INFO] [stdout] 
[INFO] [stdout] Some errors have detailed explanations: E0107, E0407, E0412.
[INFO] [stdout] 
[INFO] [stdout] For more information about an error, try `rustc --explain E0107`.
[INFO] [stdout] 
[INFO] [stderr] error: build failed
[INFO] running `Command { std: "docker" "inspect" "9b39d85d54a3e8b1a805008741ad05169a59e3833bce1f61befcf76c4c8566bd", kill_on_drop: false }`
[INFO] running `Command { std: "docker" "rm" "-f" "9b39d85d54a3e8b1a805008741ad05169a59e3833bce1f61befcf76c4c8566bd", kill_on_drop: false }`
[INFO] [stdout] 9b39d85d54a3e8b1a805008741ad05169a59e3833bce1f61befcf76c4c8566bd
